0?
140122324
In base 13, what is -48a + 371141?
370984
In base 14, what is -a836 - 16d?
-a9a5
In base 9, what is -2 - -642627?
642625
In base 16, what is -132228 - -10?
-132218
In base 9, what is 3 - -4402008?
4402012
In base 13, what is c312c7a - -5?
c312c82
In base 6, what is 103543 + -11204?
52335
In base 13, what is 557 + 410?
967
In base 7, what is -16220616 + -104?
-16221023
In base 14, what is 25 - -2211395?
22113ba
In base 13, what is -190b4 - 5a?
-19141
In base 12, what is 2 + -14b65824?
-14b65822
In base 15, what is -10354 - -1094?
-e2b0
In base 15, what is -3067 - -a3e?
-2528
In base 13, what is -51613 - 85?
-51698
In base 15, what is 642a8 + 5c9?
64882
In base 14, what is -312a6b6 + -5?
-312a6bb
In base 9, what is -8 + 7371753?
7371744
In base 5, what is 320 - 412040340?
-412040020
In base 8, what is 106460 - -1014?
107474
In base 8, what is -13027 + 15761?
2732
In base 5, what is 2 + -2111412114?
-2111412112
In base 8, what is -6 - 630542744?
-630542752
In base 15, what is 95 - -67ce63?
67d008
In base 15, what is -3 + -7c02?
-7c05
In base 8, what is -413464 - -5054?
-406410
In base 12, what is -315 + 5850?
5537
In base 6, what is -30300025 + 5?
-30300020
In base 3, what is 2 - 12000002020?
-12000002011
In base 8, what is 4 - -17577?
17603
In base 13, what is 6 - -377b35?
377b3b
In base 5, what is -32 - -40121302?
40121220
In base 10, what is -7070 - -67075?
60005
In base 6, what is -5054341 + -10122?
-5104503
In base 14, what is -2 + 9099047?
9099045
In base 16, what is 5 - 21c0bd6?
-21c0bd1
In base 13, what is -47 - 7746b1?
-774728
In base 3, what is -100010 + 11010122112221?
11010122012211
In base 5, what is -4024 + 10303020?
10243441
In base 15, what is 78e6c - a7?
78db5
In base 7, what is -3213 + -3532?
-10045
In base 14, what is 5a0c724 + -4?
5a0c720
In base 12, what is 2310a + 7b?
23189
In base 5, what is 1 + -22441204131?
-22441204130
In base 9, what is -15071146 + -2?
-15071148
In base 10, what is 283429 - 655?
282774
In base 13, what is -154 - -1477a5?
147651
In base 15, what is 361384a + 2?
361384c
In base 13, what is 164 - 216?
-82
In base 6, what is 0 - 3051522?
-3051522
In base 7, what is 134003 - 2646?
131024
In base 2, what is 101 - -10101101110111000101110?
10101101110111000110011
In base 6, what is -30510154 + -20?
-30510214
In base 8, what is -1025 - -747?
-56
In base 16, what is 36ea + -277?
3473
In base 14, what is 334c7 + -99?
3342c
In base 11, what is 6716 + -666?
6060
In base 5, what is -2 + 4232014044?
4232014042
In base 6, what is -12204554431 + -5?
-12204554440
In base 11, what is -52a700 - 78?
-52a778
In base 8, what is 550 - 11141?
-10371
In base 16, what is -3 + 23ebedb?
23ebed8
In base 4, what is 10333 - 201030112?
-201013113
In base 11, what is -5 - 17aa442?
-17aa447
In base 7, what is -6 - 33041104?
-33041113
In base 2, what is 1001011110111000101011100 + -110?
1001011110111000101010110
In base 8, what is 140 + -412304?
-412144
In base 8, what is 152273530 + -2?
152273526
In base 6, what is 332 + -14353430?
-14353054
In base 11, what is -393172 + 62?
-393110
In base 11, what is -553849 + 77?
-553782
In base 8, what is 3612712720 + 0?
3612712720
In base 2, what is 111111110000100100011110 + 10?
111111110000100100100000
In base 6, what is -220401 - 3212?
-224013
In base 6, what is 1132500544 + -102?
1132500442
In base 2, what is 110000010110100001100100 - -11?
110000010110100001100111
In base 6, what is -5 + -5240434543?
-5240434552
In base 7, what is -21120005 + 0?
-21120005
In base 15, what is c + -709b7b7?
-709b7aa
In base 9, what is 0 + 75587023?
75587023
In base 16, what is -c + 18c5779?
18c576d
In base 7, what is -2 - -1365025006?
1365025004
In base 11, what is -4 - -a73800?
a737a7
In base 6, what is 1543432 - -455?
1544331
In base 6, what is -552401523 + -104?
-552402031
In base 6, what is -224523 - 542?
-225505
In base 10, what is -5343 - 2096?
-7439
In base 11, what is 1 - -13965a7?
13965a8
In base 11, what is 73 - -210514?
210587
In base 2, what is -101001 - -110000011110101000010?
110000011110100011001
In base 16, what is -13ba268b + -2?
-13ba268d
In base 3, what is -101101002 - -1210222?
-22120010
In base 15, what is -2 - -6a8a905?
6a8a903
In base 15, what is 1 - -2470d08?
2470d09
In base 8, what is 136214 + -746?
135246
In base 7, what is -1454613255 + -3?
-1454613261
In base 4, what is -112 + -103311000302?
-103311001020
In base 12, what is 0 + 32864a6?
32864a6
In base 10, what is -6326353 + 10?
-6326343
In base 6, what is -1154 + 15041?
13443
In base 16, what is -35 + -4a700?
-4a735
In base 4, what is 3202011 - -10220?
3212231
In base 16, what is -1b72 - 1a3e1?
-1bf53
In base 8, what is 415633254 + -6?
415633246
In base 10, what is 74042 - 9831?
64211
In base 15, what is -640 - -2a3ee?
29cae
In base 2, what is -10011111 + -110001100101011001?
-110001100111111000
In base 9, what is 5 - -37013327?
37013333
In base 14, what is 0 - 1c7ac6?
-1c7ac6
In base 15, what is 25d621dc - 2?
25d621da
In base 10, what is -159120152 - 5?
-159120157
In base 11, what is -5 - -1a139a8?
1a139a3
In base 8, what is -220632 - -147?
-220463
In base 5, what is -4242324 + 10223?
-4232101
In base 10, what is 13628031 + 14?
13628045
In base 11, what is -158a + 8779a?
86210
In base 6, what is -5102431025 + 3?
-5102431022
In base 7, what is -22453311 + 46?
-22453232
In base 16, what is -1010 + -17fe1?
-18ff1
In base 6, what is 5515510 + 3513?
5523423
In base 11, what is -55 + -173980?
-173a25
In base 8, what is 67204456 + -3?
67204453
In base 14, what is 91 - -4dc86?
4dd37
In base 2, what is 0 + 10001011100111100010010011?
10001011100111100010010011
In base 13, what is -1616a7 + 329?
-16137b
In base 10, what is -14439579 + 4?
-14439575
In base 3, what is 221210120 - -2202?
221220022
In base 5, what is -10030244 + 3331?
-10021413
In base 2, what is 1000101011111011 - -10000101111?
1000111100101010
In base 2, what is 111011 - 110110100101001000?
-110110100100001101
In base 11, what is 15331 + 1a2?
15523
In base 8, what is 166205465 + -4?
166205461
In base 3, what is -20211100 - 101111010?
-122022110
In base 5, what is 1 + 4010443031?
4010443032
In base 5, what is 12110 - 142101?
-124441
In base 4, what is -2030312 + -100023?
-2131001
In base 8, what is -1417225 + -14?
-1417241
In base 12, what is -307a16 + 16?
-307a00
In base 13, what is 1ac3 + -9197?
-73a4
In base 15, what is 1 + 447888a?
447888b
In base 5, what is 11201222 - -41124?
11242401
In base 9, what is -644058772 - -5?
-644058766
In base 14, what is -3a - 1a9b88?
-1a9bc4
In base 14, what is 10 + -169c8a?
-169c7a
In base 14, what is 46d + -2288?
-1c19
In base 4, what is -110222100200 - -102?
-110222100032
In base 11, what is 29 - 199433?
-199405
In base 5, what is -20 + -231312030?
-231312100
In base 4, what is 2221201 - -331023?
3212230
In base 7, what is 24302410 - -3?
24302413
In base 11, what is 9 + -12691a?
-126911
In base 16, what is -118 - 26e4?
-27fc
In base 3, what is -22122 + 20212121022?
20212021200
In base 10, what is 28 - -6210892?
6210920
In base 4, what is 0 - 11010133313233?
-11010133313233
In base 9, what is -1 - 11726407?
-11726408
In base 15, what is 2 + a13808d?
a138090
In base 2, what is 100101100111 - -1010110101010011?
1011011010111010
In base 16, what is 34790 - 288?
34508
In base 11, what is 17048393 + 2?
17048395
In base 4, what is -1 + -21311230222132?
-21311230222133
In base 15, what is 413 + -4d5?
-c2
In base 15, what is -2 - -6d1d3e?
6d1d3c
In base 10, what is -51382883 - -5?
-51382878
In base 12, what is 931a + 734?
9a52
In base 5, what is -30324201244 - 30?
-30324201324
In base 7, what is 254 + 35316661?
35320245
In base 15, what is 224 + -8e085?
-8dd61
In base 9, what is 171835 + -185?
171640
In base 7, what is -142 + 14416121?
14415646
In base 7, what is 115363144 - 12?
115363132
In base 3, what is 2 + -122122200020211020?
-122122200020211011
In base 5, what is -2143 - -12031124?
12023431
In base 16, what is -70eb48 + -1?
-70eb49
In base 7, what is -60 + -514611?
-515001
In base 11, what is -a31631 + 0?
-a31631
In base 16, what is -225c + 682e?
45d2
In base 4, what is 132100 - 20220032?
-20021332
In base 4, what is 10 + 11123133132300?
11123133132310
In base 11, what is -27953 + 457?
-274a7
In base 12, what is 0 - b47195?